) in base 14?
11b55d
-12200010213 (base 4) to base 11
-a64461
-3509322 (base 10) to base 4
-31120301022
What is 66454 (base 9) in base 3?
2020111211
What is 9623 (base 15) in base 12?
16466
Convert -30883b (base 12) to base 3.
-1102200121102
What is 6440013 (base 7) in base 2?
10111111000110010000
-129588 (base 13) to base 16
-6da79
11000112020201 (base 3) to base 5
1021324101
9b27 (base 16) to base 10
39719
What is -30021212123 (base 4) in base 3?
-12222211001212
44850 (base 15) to base 8
651423
What is -10213413 (base 5) in base 10?
-85483
What is 7215721 (base 9) in base 13?
a49c02
What is -604162 (base 8) in base 7?
-1455335
12206535 (base 7) to base 9
2047676
-80ab1 (base 15) to base 12
-177934
11011111110101110 (base 2) to base 16
1bfae
-2541051 (base 10) to base 4
-21230113323
-573407 (base 8) to base 3
-100212112201
Convert 42314607 (base 8) to base 4.
202121212013
5317640 (base 9) to base 15
3b3643
4a20b (base 14) to base 9
305874
-431023 (base 5) to base 6
-151105
Convert 10010110000110010 (base 2) to base 6.
1351442
843235 (base 9) to base 11
312470
What is 35201432 (base 7) in base 5?
1242434200
547b68 (base 14) to base 16
2bb470
-12115720 (base 8) to base 16
-289bd0
Convert 1146001 (base 10) to base 6.
40321321
2122122200210 (base 3) to base 15
1ccd63
Convert 705434 (base 8) to base 10.
232220
Convert fa3b6 (base 16) to base 2.
11111010001110110110
What is -1ab8ab (base 16) in base 9?
-3258180
Convert -121022101211 (base 3) to base 4.
-1032120130
41040044 (base 5) to base 16
50b99
What is 646221 (base 7) in base 10?
112617
-11b2c59 (base 14) to base 9
-16881771
2702260 (base 9) to base 12
5b3323
What is -3320013 (base 5) in base 4?
-32002210
514035 (base 6) to base 7
230501
-25333153 (base 7) to base 4
-20300010313
-2761516 (base 11) to base 3
-22221211212121
-657383 (base 12) to base 2
-110001000111001010011
1211706 (base 8) to base 7
2554044
Convert 1231774 (base 11) to base 12.
872405
-127af (base 16) to base 4
-102132233
783630 (base 9) to base 5
104443111
What is 24510 (base 10) in base 9?
36553
Convert 100013a (base 11) to base 12.
715379
Convert 4a2ba (base 16) to base 9.
512657
3121331 (base 5) to base 4
30210022
-37841 (base 14) to base 3
-20220200001
What is -2220303213 (base 4) in base 15?
-d9d06
Convert -25b6c0 (base 13) to base 6.
-31304200
474151 (base 9) to base 13
9ca4b
What is -3062eb (base 16) in base 6?
-151544443
124542465 (base 7) to base 16
79b85b
Convert 219924 (base 10) to base 14.
5a20c
-2321121111 (base 4) to base 15
-100006
What is -5b4115 (base 15) in base 12?
-156759b
What is 2022232 (base 6) in base 2?
10111100010101100
What is -4252320 (base 7) in base 11?
-323527
1c9662 (base 14) to base 7
11465452
-514341202 (base 6) to base 4
-201323100002
Convert 66ba (base 15) to base 14.
7d15
30a8c1 (base 15) to base 8
10647200
-8e5c4f (base 16) to base 2
-100011100101110001001111
What is 1a94 (base 16) in base 4?
1222110
What is 111100222 (base 5) in base 14?
c997c
-120101010 (base 3) to base 2
-10101111001000
-2ae939 (base 15) to base 4
-13322123121
Convert d828 (base 15) to base 7.
250163
What is 1101010011001000 (base 2) in base 10?
54472
Convert -312adf (base 16) to base 9.
-6051065
What is -7304317 (base 8) in base 11?
-1102247
Convert 112202221200 (base 3) to base 16.
47013
Convert 11000001001010110110 (base 2) to base 8.
3011266
-4113340 (base 5) to base 16
-104a0
What is -460241 (base 7) in base 2?
-10011111101100001
Convert -122575 (base 9) to base 4.
-102011312
What is 20675 (base 10) in base 6?
235415
-5420400 (base 6) to base 12
-10a700
What is -12344535 (base 6) in base 8?
-1422613
Convert 145176 (base 10) to base 7.
1143153
-11010120121 (base 3) to base 4
-103312330
Convert 448667 (base 9) to base 10.
268819
What is -5d8d5 (base 14) in base 11?
-147483
Convert 121220201201 (base 3) to base 13.
b8720
Convert -302222320 (base 4) to base 2.
-110010101010111000
Convert 11011010000011110010 (base 2) to base 8.
3320362
What is 3ac1a (base 16) in base 12?
b7336
Convert 29020 (base 11) to base 15.
c373
Convert -950ad (base 15) to base 6.
-14044131
Convert 11001111000110000010 (base 2) to base 13.
239138
What is 523c2 (base 16) in base 9?
563040
Convert -1100100001011001001100 (base 2) to base 16.
-32164c
-543165 (base 7) to base 8
-271054
11000100100110000 (base 2) to base 12
4a300
162913 (base 10) to base 14
43529
55504534 (base 7) to base 13
cb9cb6
-5224244 (base 6) to base 8
-754744
Convert 10010001100100111110110 (base 2) to base 3.
22222100121120
What is -1101011101000111 (base 2) in base 15?
-114e1
What is -161212 (base 10) in base 4?
-213112330
826903 (base 15) to base 13
139048b
Convert -210102000 (base 3) to base 14.
-598a
What is 1200257 (base 9) in base 11?
404195
What is -1054431 (base 6) in base 3?
-2202022001
50551104 (base 6) to base 15
1d8381
Convert 7aa842 (base 11) to base 15.
1a69cb
What is -32460002 (base 8) in base 6?
-405230550
What is 12801518 (base 9) in base 7?
104466614
-1759a95 (base 11) to base 7
-34242560
What is 290179 (base 12) in base 7?
5550462
What is 18d20 (base 15) in base 3?
11002112110
What is 11023323211 (base 4) in base 7?
14361550
What is 1010000011000110000011 (base 2) in base 5?
1133242430
Convert -102141143 (base 5) to base 12.
-1875b5
Convert -5505031 (base 6) to base 15.
-55e74
Convert -2360036 (base 8) to base 2.
-10011110000000011110
Convert -133222202 (base 4) to base 15.
-28668
What is -405360 (base 7) in base 8?
-207014
-104216501 (base 7) to base 4
-113323222310
Convert -1010011011100000 (base 2) to base 11.
-2a107
-40233103 (base 6) to base 2
-100010110010010011111
-113000221322 (base 4) to base 6
-333141522
What is -db4a (base 14) in base 9?
-56874
Convert 944577 (base 13) to base 6.
202140300
1097977 (base 12) to base 2
1100001001110110101011
Convert 96077b (base 14) to base 8.
23263011
What is 14872940 (base 10) in base 12?
4b93038
Convert -12002202122120 (base 3) to base 13.
-73c317
What is 21058805 (base 9) in base 6?
1001133005
-2311311223 (base 5) to base 16
-4f126f
What is -102420411 (base 5) in base 15?
-8918b
What is 1365267 (base 8) in base 9?
650822
Convert -129127 (base 11) to base 13.
-71200
Convert 85832 (base 10) to base 7.
505145
Convert -ba0e7 (base 15) to base 8.
-2201772
What is -249317 (base 10) in base 8?
-746745
Convert -130a14 (base 13) to base 16.
-6ffbb
Convert -4344351 (base 6) to base 15.
-44094
Convert 61004 (base 7) to base 13.
693b
Convert 564220 (base 8) to base 3.
100200110120
What is 701250 (base 8) in base 15?
48271
-38966 (base 11) to base 14
-1644c
38ddd6 (base 15) to base 6
134303250
What is 4247aa (base 12) in base 9?
1862234
What is 206a33 (base 16) in base 8?
10065063
What is 37792 (base 12) in base 13?
28439
89438 (base 13) to base 14
66a48
What is -2223132313 (base 5) in base 8?
-22532326
-110303022130 (base 4) to base 9
-11230311
1179167 (base 11) to base 9
3760286
4233424331 (base 5) to base 11
502176a
What is 2c45c (base 13) in base 16?
1490f
Convert -29b45 (base 14) to base 12.
-50055
Convert 7e5046 (base 15) to base 8.
27027344
What is 111101110101001010100 (base 2) in base 12?
8185b0
2440345 (base 8) to base 12
284a59
What is -16473 (base 13) in base 16?
-a611
-1013313131 (base 4) to base 2
-1000111110111011101
Convert -111020202001 (base 3) to base 2.
-111111101010111010
What is -20230000211 (base 4) in base 12?
-919b45
Convert -618c8 (base 13) to base 6.
-3430315
-12221021201111 (base 3) to base 4
-30002033131
What is -34115852 (base 9) in base 2?
-111111000111001101101101
What is 100001110000101010 (base 2) in base 7?
1114104
-2000212111120 (base 3) to base 15
-165010
What is -1321022 (base 4) in base 10?
-7754
122503 (base 9) to base 5
4332122
What is 238638a (base 11) in base 8?
17655052
Convert 109ba17 (base 12) to base 13.
87a4c2
Convert 2111021022120 (base 3) to base 6.
44214023
What is -342432 (base 8) in base 9?
-186102
-2c80 (base 15) to base 14
-36b8
10001110111111110101000 (base 2) to base 8
21677650
What is 760213 (base 8) in base 2?
111110000010001011
-ad91 (base 16) to base 13
-172bc
Convert -14371502 (base 9) to base 16.
-6cd70f
What is 283397 (base 11) in base 7?
3525364
Convert 221143343 (base 5) to base 16.
ea2f7
What is -3140340 (base 6) in base 2?
-100101010111100100
21b06 (bas